{"id":1118,"date":"2024-06-28T20:17:23","date_gmt":"2024-06-28T18:17:23","guid":{"rendered":"https:\/\/leshistoriensdupresent.fr\/?page_id=1118"},"modified":"2024-06-28T20:34:49","modified_gmt":"2024-06-28T18:34:49","slug":"inoubliable","status":"publish","type":"page","link":"https:\/\/leshistoriensdupresent.fr\/index.php\/inoubliable\/","title":{"rendered":"Inoubliable"},"content":{"rendered":"\t\t<div data-elementor-type=\"wp-page\" data-elementor-id=\"1118\" class=\"elementor elementor-1118\">\n\t\t\t\t<div class=\"elementor-element elementor-element-59d295e e-flex e-con-boxed elementor-invisible e-con e-parent\" data-id=\"59d295e\" data-element_type=\"container\" data-e-type=\"container\" data-settings=\"{&quot;animation&quot;:&quot;fadeInLeft&quot;}\">\n\t\t\t\t\t<div class=\"e-con-inner\">\n\t\t<div class=\"elementor-element elementor-element-b0d5212 e-grid e-con-boxed e-con e-child\" data-id=\"b0d5212\" data-element_type=\"container\" data-e-type=\"container\">\n\t\t\t\t\t<div class=\"e-con-inner\">\n\t\t\t\t<div class=\"elementor-element elementor-element-f1b3a8e elementor-widget elementor-widget-text-editor\" data-id=\"f1b3a8e\" data-element_type=\"widget\" data-e-type=\"widget\" data-widget_type=\"text-editor.default\">\n\t\t\t\t<div class=\"elementor-widget-container\">\n\t\t\t\t\t\t\t\t\t<div><span style=\"font-size: large;\">INOUBLIABLE<\/span><\/div><div><span style=\"font-size: large;\">\u00a0<\/span><span style=\"font-size: large; color: var(--global--color-primary); font-family: var(--global--font-secondary);\">Auteur et mise en sc\u00e8ne : Thierry MARGOT<\/span><\/div><div><span style=\"font-size: large;\">Interpr\u00e8te: Anne-Sophie Perrier<\/span><\/div><div><span style=\"font-size: large;\">Genre : Com\u00e9die dramatique<\/span><\/div><div><span style=\"font-size: large;\">Dur\u00e9e du Spectacle : 1h30<\/span><\/div><div><span style=\"font-size: large;\">Public : \u00e0 partir de 10 ans<\/span><\/div>\t\t\t\t\t\t\t\t<\/div>\n\t\t\t\t<\/div>\n\t\t\t\t<div class=\"elementor-element elementor-element-cfc924a elementor-widget__width-auto elementor-widget elementor-widget-image\" data-id=\"cfc924a\" data-element_type=\"widget\" data-e-type=\"widget\" data-widget_type=\"image.default\">\n\t\t\t\t<div class=\"elementor-widget-container\">\n\t\t\t\t\t\t\t\t\t\t\t\t\t\t\t<img fetchpriority=\"high\" decoding=\"async\" width=\"724\" height=\"1024\" src=\"https:\/\/leshistoriensdupresent.fr\/wp-content\/uploads\/2024\/01\/Affiche-theatre-inoubliable-1-scaled.jpg\" class=\"attachment-large size-large wp-image-536\" alt=\"\" style=\"width:100%;height:141.44%;max-width:1810px\" \/>\t\t\t\t\t\t\t\t\t\t\t\t\t\t\t<\/div>\n\t\t\t\t<\/div>\n\t\t\t\t<div class=\"elementor-element elementor-element-0e6682c elementor-widget elementor-widget-text-editor\" data-id=\"0e6682c\" data-element_type=\"widget\" data-e-type=\"widget\" data-widget_type=\"text-editor.default\">\n\t\t\t\t<div class=\"elementor-widget-container\">\n\t\t\t\t\t\t\t\t\t<p>Pour briller, elle va d\u00e9voiler son c\u00f4t\u00e9 sombre\u00a0<br \/>Emma n\u2019a que treize ans lorsqu\u2019elle perd sa m\u00e8re dans un tragique accident laissant une autre<br \/>orpheline du m\u00eame \u00e2ge.<\/p><p>\u00c0 la suite de cet \u00e9v\u00e8nement, son p\u00e8re d\u00e9cide d\u2019adopter la jeune fille en question, H\u00e9l\u00e8ne. L\u2019arriv\u00e9e de cette \u00ab fausse s\u0153ur \u00bb va bouleverser la vie d\u2019enfant unique d\u2019Emma et voler l\u2019attention exclusive de son h\u00e9ros.<\/p><p>D\u00e9sormais, il va en aimer une autre. H\u00e9l\u00e8ne, la nouvelle reine de la maison qui se destine \u00e0 une carri\u00e8re d\u2019artiste.<\/p><p>Le combat s\u2019av\u00e8re trop d\u00e9s\u00e9quilibr\u00e9 et Emma suppose qu\u2019il va falloir devenir une star pour reconqu\u00e9rir le c\u0153ur de celui qui l\u2019a vu na\u00eetre. Elle se donne donc le d\u00e9fi de concurrencer cette s\u0153ur afin d\u2019\u00eatre inoubliable<br \/>aux yeux de son p\u00e8re ador\u00e9.<\/p>\t\t\t\t\t\t\t\t<\/div>\n\t\t\t\t<\/div>\n\t\t\t\t\t<\/div>\n\t\t\t\t<\/div>\n\t\t\t\t<div class=\"elementor-element elementor-element-e5094fc elementor-widget-divider--view-line elementor-widget elementor-widget-divider\" data-id=\"e5094fc\" data-element_type=\"widget\" data-e-type=\"widget\" data-widget_type=\"divider.default\">\n\t\t\t\t<div class=\"elementor-widget-container\">\n\t\t\t\t\t\t\t<div class=\"elementor-divider\">\n\t\t\t<span class=\"elementor-divider-separator\">\n\t\t\t\t\t\t<\/span>\n\t\t<\/div>\n\t\t\t\t\t\t<\/div>\n\t\t\t\t<\/div>\n\t\t\t\t<div class=\"elementor-element elementor-element-93f6c1a elementor-widget-tablet__width-initial elementor-widget elementor-widget-text-editor\" data-id=\"93f6c1a\" data-element_type=\"widget\" data-e-type=\"widget\" data-widget_type=\"text-editor.default\">\n\t\t\t\t<div class=\"elementor-widget-container\">\n\t\t\t\t\t\t\t\t\t<p>Ce parcours d\u2019une vie, de l\u2019enfance \u00e0 l\u2019\u00e2ge adulte, d\u00e9peint les tourments d\u2019une petite fille devenue femme au c\u0153ur de l\u2019univers implacable du spectacle et du cin\u00e9ma.<\/p><p>Emma va se chercher et se perdre et il ne sera pas facile de tirer son \u00e9pingle du jeu.<\/p><p><br \/>Si la fin justifie les moyens, l\u2019issue n\u2019est pas toujours le bout du chemin. Alors comment arriver \u00e0 se conna\u00eetre quand on ne se reconna\u00eet plus\u00a0?<\/p>\t\t\t\t\t\t\t\t<\/div>\n\t\t\t\t<\/div>\n\t\t\t\t<div class=\"elementor-element elementor-element-e7a2c3e elementor-widget-divider--view-line elementor-widget elementor-widget-divider\" data-id=\"e7a2c3e\" data-element_type=\"widget\" data-e-type=\"widget\" data-widget_type=\"divider.default\">\n\t\t\t\t<div class=\"elementor-widget-container\">\n\t\t\t\t\t\t\t<div class=\"elementor-divider\">\n\t\t\t<span class=\"elementor-divider-separator\">\n\t\t\t\t\t\t<\/span>\n\t\t<\/div>\n\t\t\t\t\t\t<\/div>\n\t\t\t\t<\/div>\n\t\t\t\t\t<\/div>\n\t\t\t\t<\/div>\n\t\t<div class=\"elementor-element elementor-element-78a4539 e-flex e-con-boxed e-con e-parent\" data-id=\"78a4539\" data-element_type=\"container\" data-e-type=\"container\">\n\t\t\t\t\t<div class=\"e-con-inner\">\n\t\t\t\t<div class=\"elementor-element elementor-element-7be54d8 gallery-spacing-custom elementor-widget__width-inherit elementor-invisible elementor-widget elementor-widget-image-gallery\" data-id=\"7be54d8\" data-element_type=\"widget\" data-e-type=\"widget\" data-settings=\"{&quot;_animation&quot;:&quot;fadeIn&quot;}\" data-widget_type=\"image-gallery.default\">\n\t\t\t\t<div class=\"elementor-widget-container\">\n\t\t\t\t\t\t\t<div class=\"elementor-image-gallery\">\n\t\t\t<div id='gallery-1' class='gallery galleryid-1118 gallery-columns-7 gallery-size-medium_large'><figure class='gallery-item'>\n\t\t\t<div class='gallery-icon portrait'>\n\t\t\t\t<a data-elementor-open-lightbox=\"yes\" data-elementor-lightbox-slideshow=\"7be54d8\" data-elementor-lightbox-title=\"Affiche the\u0301a\u0302tre inoubliable\" data-e-action-hash=\"#elementor-action%3Aaction%3Dlightbox%26settings%3DeyJpZCI6NTM2LCJ1cmwiOiJodHRwczpcL1wvbGVzaGlzdG9yaWVuc2R1cHJlc2VudC5mclwvd3AtY29udGVudFwvdXBsb2Fkc1wvMjAyNFwvMDFcL0FmZmljaGUtdGhlYXRyZS1pbm91YmxpYWJsZS0xLXNjYWxlZC5qcGciLCJzbGlkZXNob3ciOiI3YmU1NGQ4In0%3D\" href='https:\/\/leshistoriensdupresent.fr\/wp-content\/uploads\/2024\/01\/Affiche-theatre-inoubliable-1-scaled.jpg'><img decoding=\"async\" width=\"750\" height=\"1061\" src=\"https:\/\/leshistoriensdupresent.fr\/wp-content\/uploads\/2024\/01\/Affiche-theatre-inoubliable-1-scaled.jpg\" class=\"attachment-medium_large size-medium_large\" alt=\"\" style=\"width:100%;height:141.44%;max-width:1810px;\" \/><\/a>\n\t\t\t<\/div><\/figure><figure class='gallery-item'>\n\t\t\t<div class='gallery-icon landscape'>\n\t\t\t\t<a data-elementor-open-lightbox=\"yes\" data-elementor-lightbox-slideshow=\"7be54d8\" data-elementor-lightbox-title=\"cropped-Logo-HP-rond.png\" data-e-action-hash=\"#elementor-action%3Aaction%3Dlightbox%26settings%3DeyJpZCI6MTcwLCJ1cmwiOiJodHRwczpcL1wvbGVzaGlzdG9yaWVuc2R1cHJlc2VudC5mclwvd3AtY29udGVudFwvdXBsb2Fkc1wvMjAyM1wvMTJcL2Nyb3BwZWQtTG9nby1IUC1yb25kLnBuZyIsInNsaWRlc2hvdyI6IjdiZTU0ZDgifQ%3D%3D\" data-elementor-lightbox-description=\"https:\/\/leshistoriensdupresent.fr\/wp-content\/uploads\/2023\/12\/cropped-Logo-HP-rond.png\" href='https:\/\/leshistoriensdupresent.fr\/wp-content\/uploads\/2023\/12\/cropped-Logo-HP-rond.png'><img decoding=\"async\" width=\"448\" height=\"447\" src=\"https:\/\/leshistoriensdupresent.fr\/wp-content\/uploads\/2023\/12\/cropped-Logo-HP-rond.png\" class=\"attachment-medium_large size-medium_large\" alt=\"\" srcset=\"https:\/\/leshistoriensdupresent.fr\/wp-content\/uploads\/2023\/12\/cropped-Logo-HP-rond.png 448w, https:\/\/leshistoriensdupresent.fr\/wp-content\/uploads\/2023\/12\/cropped-Logo-HP-rond-300x300.png 300w, https:\/\/leshistoriensdupresent.fr\/wp-content\/uploads\/2023\/12\/cropped-Logo-HP-rond-150x150.png 150w, https:\/\/leshistoriensdupresent.fr\/wp-content\/uploads\/2023\/12\/elementor\/thumbs\/cropped-Logo-HP-rond-qhjgk8ovs5eqj6w3zub2nutr12nyqqvh13bpsw6uyy.png 1w, https:\/\/leshistoriensdupresent.fr\/wp-content\/uploads\/2023\/12\/elementor\/thumbs\/cropped-Logo-HP-rond-qhjgk8owdn0l80hn23xjp4uy4yxgopg6b9rum6iwdw.png 50w, https:\/\/leshistoriensdupresent.fr\/wp-content\/uploads\/2023\/12\/elementor\/thumbs\/cropped-Logo-HP-rond-qhjgk8owolpp4ij2nu5c85kjeazdcn93s7x55j57e6.png 75w, https:\/\/leshistoriensdupresent.fr\/wp-content\/uploads\/2023\/12\/elementor\/thumbs\/cropped-Logo-HP-rond-qhjgk8owxdgzg45tjmbkndc7lrtp2zw8yku6dt8nee.png 95w\" sizes=\"(max-width: 448px) 100vw, 448px\" style=\"width:100%;height:99.78%;max-width:448px;\" \/><\/a>\n\t\t\t<\/div><\/figure>\n\t\t<\/div>\n\t\t<\/div>\n\t\t\t\t\t\t<\/div>\n\t\t\t\t<\/div>\n\t\t\t\t\t<\/div>\n\t\t\t\t<\/div>\n\t\t\t\t<\/div>\n\t\t","protected":false},"excerpt":{"rendered":"<p>INOUBLIABLE\u00a0Auteur et mise en sc\u00e8ne : Thierry MARGOTInterpr\u00e8te: Anne-Sophie PerrierGenre : Com\u00e9die dramatiqueDur\u00e9e du Spectacle : 1h30Public : \u00e0 partir de 10 ans Pour briller, elle va d\u00e9voiler son c\u00f4t\u00e9 sombre\u00a0Emma n\u2019a que treize ans lorsqu\u2019elle perd sa m\u00e8re dans un tragique accident laissant une autreorpheline du m\u00eame \u00e2ge. \u00c0 la suite de cet \u00e9v\u00e8nement,&hellip; <a class=\"more-link\" href=\"https:\/\/leshistoriensdupresent.fr\/index.php\/inoubliable\/\">Poursuivre la lecture <span class=\"screen-reader-text\">Inoubliable<\/span><\/a><\/p>\n","protected":false},"author":1,"featured_media":412,"parent":0,"menu_order":0,"comment_status":"closed","ping_status":"closed","template":"elementor_header_footer","meta":{"footnotes":""},"class_list":["post-1118","page","type-page","status-publish","has-post-thumbnail","hentry","entry"],"_links":{"self":[{"href":"https:\/\/leshistoriensdupresent.fr\/index.php\/wp-json\/wp\/v2\/pages\/1118","targetHints":{"allow":["GET"]}}],"collection":[{"href":"https:\/\/leshistoriensdupresent.fr\/index.php\/wp-json\/wp\/v2\/pages"}],"about":[{"href":"https:\/\/leshistoriensdupresent.fr\/index.php\/wp-json\/wp\/v2\/types\/page"}],"author":[{"embeddable":true,"href":"https:\/\/leshistoriensdupresent.fr\/index.php\/wp-json\/wp\/v2\/users\/1"}],"replies":[{"embeddable":true,"href":"https:\/\/leshistoriensdupresent.fr\/index.php\/wp-json\/wp\/v2\/comments?post=1118"}],"version-history":[{"count":7,"href":"https:\/\/leshistoriensdupresent.fr\/index.php\/wp-json\/wp\/v2\/pages\/1118\/revisions"}],"predecessor-version":[{"id":1126,"href":"https:\/\/leshistoriensdupresent.fr\/index.php\/wp-json\/wp\/v2\/pages\/1118\/revisions\/1126"}],"wp:featuredmedia":[{"embeddable":true,"href":"https:\/\/leshistoriensdupresent.fr\/index.php\/wp-json\/wp\/v2\/media\/412"}],"wp:attachment":[{"href":"https:\/\/leshistoriensdupresent.fr\/index.php\/wp-json\/wp\/v2\/media?parent=1118"}],"curies":[{"name":"wp","href":"https:\/\/api.w.org\/{rel}","templated":true}]}}

<div data-elementor-type="wp-page" data-elementor-id="1118" class="elementor elementor-1118">
				<div class="elementor-element elementor-element-59d295e e-flex e-con-boxed elementor-invisible e-con e-parent" data-id="59d295e" data-element_type="container" data-e-type="container" data-settings="{&quot;animation&quot;:&quot;fadeInLeft&quot;}">
					<div class="e-con-inner">
		<div class="elementor-element elementor-element-b0d5212 e-grid e-con-boxed e-con e-child" data-id="b0d5212" data-element_type="container" data-e-type="container">
					<div class="e-con-inner">
				<div class="elementor-element elementor-element-f1b3a8e elementor-widget elementor-widget-text-editor" data-id="f1b3a8e" data-element_type="widget" data-e-type="widget" data-widget_type="text-editor.default">
				<div class="elementor-widget-container">
									<div><span style="font-size: large;">INOUBLIABLE</span></div><div><span style="font-size: large;"> </span><span style="font-size: large; color: var(--global--color-primary); font-family: var(--global--font-secondary);">Auteur et mise en scène : Thierry MARGOT</span></div><div><span style="font-size: large;">Interprète: Anne-Sophie Perrier</span></div><div><span style="font-size: large;">Genre : Comédie dramatique</span></div><div><span style="font-size: large;">Durée du Spectacle : 1h30</span></div><div><span style="font-size: large;">Public : à partir de 10 ans</span></div>								</div>
				</div>
				<div class="elementor-element elementor-element-cfc924a elementor-widget__width-auto elementor-widget elementor-widget-image" data-id="cfc924a" data-element_type="widget" data-e-type="widget" data-widget_type="image.default">
				<div class="elementor-widget-container">
															<img fetchpriority="high" decoding="async" width="724" height="1024" src="https://leshistoriensdupresent.fr/wp-content/uploads/2024/01/Affiche-theatre-inoubliable-1-scaled.jpg" class="attachment-large size-large wp-image-536" alt="" style="width:100%;height:141.44%;max-width:1810px" />															</div>
				</div>
				<div class="elementor-element elementor-element-0e6682c elementor-widget elementor-widget-text-editor" data-id="0e6682c" data-element_type="widget" data-e-type="widget" data-widget_type="text-editor.default">
				<div class="elementor-widget-container">
									<p>Pour briller, elle va dévoiler son côté sombre <br />Emma n’a que treize ans lorsqu’elle perd sa mère dans un tragique accident laissant une autre<br />orpheline du même âge.</p><p>À la suite de cet évènement, son père décide d’adopter la jeune fille en question, Hélène. L’arrivée de cette « fausse sœur » va bouleverser la vie d’enfant unique d’Emma et voler l’attention exclusive de son héros.</p><p>Désormais, il va en aimer une autre. Hélène, la nouvelle reine de la maison qui se destine à une carrière d’artiste.</p><p>Le combat s’avère trop déséquilibré et Emma suppose qu’il va falloir devenir une star pour reconquérir le cœur de celui qui l’a vu naître. Elle se donne donc le défi de concurrencer cette sœur afin d’être inoubliable<br />aux yeux de son père adoré.</p>								</div>
				</div>
					</div>
				</div>
				<div class="elementor-element elementor-element-e5094fc elementor-widget-divider--view-line elementor-widget elementor-widget-divider" data-id="e5094fc" data-element_type="widget" data-e-type="widget" data-widget_type="divider.default">
				<div class="elementor-widget-container">
							<div class="elementor-divider">
			<span class="elementor-divider-separator">
						</span>
		</div>
						</div>
				</div>
				<div class="elementor-element elementor-element-93f6c1a elementor-widget-tablet__width-initial elementor-widget elementor-widget-text-editor" data-id="93f6c1a" data-element_type="widget" data-e-type="widget" data-widget_type="text-editor.default">
				<div class="elementor-widget-container">
									<p>Ce parcours d’une vie, de l’enfance à l’âge adulte, dépeint les tourments d’une petite fille devenue femme au cœur de l’univers implacable du spectacle et du cinéma.</p><p>Emma va se chercher et se perdre et il ne sera pas facile de tirer son épingle du jeu.</p><p><br />Si la fin justifie les moyens, l’issue n’est pas toujours le bout du chemin. Alors comment arriver à se connaître quand on ne se reconnaît plus ?</p>								</div>
				</div>
				<div class="elementor-element elementor-element-e7a2c3e elementor-widget-divider--view-line elementor-widget elementor-widget-divider" data-id="e7a2c3e" data-element_type="widget" data-e-type="widget" data-widget_type="divider.default">
				<div class="elementor-widget-container">
							<div class="elementor-divider">
			<span class="elementor-divider-separator">
						</span>
		</div>
						</div>
				</div>
					</div>
				</div>
		<div class="elementor-element elementor-element-78a4539 e-flex e-con-boxed e-con e-parent" data-id="78a4539" data-element_type="container" data-e-type="container">
					<div class="e-con-inner">
				<div class="elementor-element elementor-element-7be54d8 gallery-spacing-custom elementor-widget__width-inherit elementor-invisible elementor-widget elementor-widget-image-gallery" data-id="7be54d8" data-element_type="widget" data-e-type="widget" data-settings="{&quot;_animation&quot;:&quot;fadeIn&quot;}" data-widget_type="image-gallery.default">
				<div class="elementor-widget-container">
							<div class="elementor-image-gallery">
			<div id='gallery-1' class='gallery galleryid-1118 gallery-columns-7 gallery-size-medium_large'><figure class='gallery-item'>
			<div class='gallery-icon portrait'>
				<a data-elementor-open-lightbox="yes" data-elementor-lightbox-slideshow="7be54d8" data-elementor-lightbox-title="Affiche théâtre inoubliable" data-e-action-hash="#elementor-action%3Aaction%3Dlightbox%26settings%3DeyJpZCI6NTM2LCJ1cmwiOiJodHRwczpcL1wvbGVzaGlzdG9yaWVuc2R1cHJlc2VudC5mclwvd3AtY29udGVudFwvdXBsb2Fkc1wvMjAyNFwvMDFcL0FmZmljaGUtdGhlYXRyZS1pbm91YmxpYWJsZS0xLXNjYWxlZC5qcGciLCJzbGlkZXNob3ciOiI3YmU1NGQ4In0%3D" href='https://leshistoriensdupresent.fr/wp-content/uploads/2024/01/Affiche-theatre-inoubliable-1-scaled.jpg'><img decoding="async" width="750" height="1061" src="https://leshistoriensdupresent.fr/wp-content/uploads/2024/01/Affiche-theatre-inoubliable-1-scaled.jpg" class="attachment-medium_large size-medium_large" alt="" style="width:100%;height:141.44%;max-width:1810px;" /></a>
			</div></figure><figure class='gallery-item'>
			<div class='gallery-icon landscape'>
				<a data-elementor-open-lightbox="yes" data-elementor-lightbox-slideshow="7be54d8" data-elementor-lightbox-title="cropped-Logo-HP-rond.png" data-e-action-hash="#elementor-action%3Aaction%3Dlightbox%26settings%3DeyJpZCI6MTcwLCJ1cmwiOiJodHRwczpcL1wvbGVzaGlzdG9yaWVuc2R1cHJlc2VudC5mclwvd3AtY29udGVudFwvdXBsb2Fkc1wvMjAyM1wvMTJcL2Nyb3BwZWQtTG9nby1IUC1yb25kLnBuZyIsInNsaWRlc2hvdyI6IjdiZTU0ZDgifQ%3D%3D" data-elementor-lightbox-description="https://leshistoriensdupresent.fr/wp-content/uploads/2023/12/cropped-Logo-HP-rond.png" href='https://leshistoriensdupresent.fr/wp-content/uploads/2023/12/cropped-Logo-HP-rond.png'><img decoding="async" width="448" height="447" src="https://leshistoriensdupresent.fr/wp-content/uploads/2023/12/cropped-Logo-HP-rond.png" class="attachment-medium_large size-medium_large" alt="" srcset="https://leshistoriensdupresent.fr/wp-content/uploads/2023/12/cropped-Logo-HP-rond.png 448w, https://leshistoriensdupresent.fr/wp-content/uploads/2023/12/cropped-Logo-HP-rond-300x300.png 300w, https://leshistoriensdupresent.fr/wp-content/uploads/2023/12/cropped-Logo-HP-rond-150x150.png 150w, https://leshistoriensdupresent.fr/wp-content/uploads/2023/12/elementor/thumbs/cropped-Logo-HP-rond-qhjgk8ovs5eqj6w3zub2nutr12nyqqvh13bpsw6uyy.png 1w, https://leshistoriensdupresent.fr/wp-content/uploads/2023/12/elementor/thumbs/cropped-Logo-HP-rond-qhjgk8owdn0l80hn23xjp4uy4yxgopg6b9rum6iwdw.png 50w, https://leshistoriensdupresent.fr/wp-content/uploads/2023/12/elementor/thumbs/cropped-Logo-HP-rond-qhjgk8owolpp4ij2nu5c85kjeazdcn93s7x55j57e6.png 75w, https://leshistoriensdupresent.fr/wp-content/uploads/2023/12/elementor/thumbs/cropped-Logo-HP-rond-qhjgk8owxdgzg45tjmbkndc7lrtp2zw8yku6dt8nee.png 95w" sizes="(max-width: 448px) 100vw, 448px" style="width:100%;height:99.78%;max-width:448px;" /></a>
			</div></figure>
		</div>
		</div>
						</div>
				</div>
					</div>
				</div>
				</div>

<p>INOUBLIABLE Auteur et mise en scène : Thierry MARGOTInterprète: Anne-Sophie PerrierGenre : Comédie dramatiqueDurée du Spectacle : 1h30Public : à partir de 10 ans Pour briller, elle va dévoiler son côté sombre Emma n’a que treize ans lorsqu’elle perd sa mère dans un tragique accident laissant une autreorpheline du même âge. À la suite de cet évènement,&hellip; <a class="more-link" href="https://leshistoriensdupresent.fr/index.php/inoubliable/">Poursuivre la lecture <span class="screen-reader-text">Inoubliable</span></a></p>
